 of 6?
True
Is 11 a factor of 19756?
True
Does 34 divide 3693?
False
Is 1228 a multiple of 29?
False
Does 204 divide 8559?
False
Does 9 divide 19559?
False
Is 19 a factor of 61047?
True
Is 2610 a multiple of 95?
False
Is 206 a multiple of 3?
False
Is 5387 a multiple of 13?
False
Is 972 a multiple of 27?
True
Is 5 a multiple of 3?
False
Is 4 a factor of 215?
False
Is 140 a multiple of 4?
True
Is 19 a factor of 10584?
False
Is 37 a factor of 4551?
True
Is 149408 a multiple of 224?
True
Does 17 divide 180?
False
Does 4 divide 306?
False
Is 39 a factor of 14899?
False
Is 2226 a multiple of 16?
False
Does 29 divide 348?
True
Does 39 divide 4173?
True
Is 41 a factor of 33333?
True
Is 16 a factor of 40281?
False
Is 7 even?
False
Is 4 a factor of 1401?
False
Does 8 divide 562?
False
Does 6 divide 199?
False
Does 6 divide 7800?
True
Is 1428 a multiple of 102?
True
Does 48 divide 1920?
True
Is 53 a factor of 742?
True
Does 32 divide 55360?
True
Is 160 a factor of 20640?
True
Is 493 a multiple of 17?
True
Is 8 a factor of 1672?
True
Does 130 divide 5460?
True
Is 175 a factor of 14471?
False
Does 15 divide 11655?
True
Is 2108 a multiple of 76?
False
Is 1475 a multiple of 36?
False
Does 74 divide 20174?
False
Is 736 a multiple of 23?
True
Is 27 a factor of 513?
True
Is 218 a factor of 76300?
True
Is 29000 a multiple of 25?
True
Does 37 divide 30488?
True
Does 7 divide 42?
True
Does 25 divide 13400?
True
Is 14 a factor of 914?
False
Is 13 a factor of 20852?
True
Does 63 divide 32067?
True
Does 215 divide 37625?
True
Is 12560 a multiple of 80?
True
Does 10 divide 274?
False
Is 11 a factor of 7744?
True
Is 10 a factor of 29845?
False
Is 128 a multiple of 16?
True
Is 1173 a multiple of 18?
False
Is 10 a factor of 921?
False
Is 8 a factor of 9316?
False
Does 14 divide 5166?
True
Is 2948 a multiple of 4?
True
Is 14 a factor of 16869?
False
Is 207 a factor of 55890?
True
Is 13612 a multiple of 71?
False
Is 13931 a multiple of 65?
False
Is 196 a factor of 12276?
False
Is 17 a factor of 1598?
True
Is 9 a factor of 1899?
True
Is 61 even?
False
Does 6 divide 1083?
False
Is 465 a multiple of 31?
True
Is 14375 a multiple of 100?
False
Is 25902 a multiple of 18?
True
Is 18200 a multiple of 130?
True
Does 61 divide 525?
False
Is 13 a factor of 3459?
False
Is 1728 a multiple of 48?
True
Is 15 a factor of 345?
True
Is 1926 a multiple of 26?
False
Is 10 a factor of 610?
True
Is 68 a factor of 9502?
False
Is 151 a factor of 21670?
False
Is 40 a multiple of 17?
False
Is 144 a factor of 12528?
True
Is 65 a multiple of 2?
False
Does 40 divide 515?
False
Is 18 a factor of 1548?
True
Is 39384 a multiple of 9?
True
Is 274 a multiple of 36?
False
Is 27 a factor of 19092?
False
Is 44 a factor of 9618?
False
Is 5 a factor of 9140?
True
Is 9 a factor of 24999?
False
Does 9 divide 2052?
True
Does 11 divide 465?
False
Is 16848 a multiple of 16?
True
Does 122 divide 1178?
False
Does 7 divide 146?
False
Does 12 divide 1493?
False
Does 15 divide 2486?
False
Is 9 a factor of 5184?
True
Is 15 a factor of 1000?
False
Does 8 divide 245?
False
Does 18 divide 5994?
True
Is 18 a factor of 8872?
False
Is 560 a multiple of 63?
False
Is 102 a factor of 2581?
False
Is 17052 a multiple of 147?
True
Does 18 divide 90?
True
Is 2001 a multiple of 69?
True
Does 40 divide 4027?
False
Is 420 a factor of 84168?
False
Is 39 a factor of 1324?
False
Is 4 a factor of 4559?
False
Is 53 even?
False
Is 158 a factor of 37314?
False
Does 16 divide 3488?
True
Is 8726 a multiple of 53?
False
Does 17 divide 187?
True
Does 16 divide 464?
True
Is 5 a factor of 129?
False
Is 1242 a multiple of 3?
True
Is 33263 a multiple of 13?
False
Does 19 divide 905?
False
Does 6 divide 156?
True
Is 3986 a multiple of 16?
False
Is 5454 a multiple of 54?
True
Is 3103 a multiple of 80?
False
Is 4850 a multiple of 50?
True
Is 26322 a multiple of 246?
True
Does 34 divide 102?
True
Does 42 divide 427?
False
Is 13 a factor of 982?
False
Is 14 a factor of 20510?
True
Is 7 a factor of 336?
True
Is 8239 a multiple of 2?
False
Does 127 divide 28702?
True
Does 13 divide 1666?
False
Does 119 divide 59262?
True
Is 15 a factor of 10099?
False
Does 48 divide 719?
False
Is 2 a factor of 4172?
True
Is 912 a multiple of 16?
True
Does 31 divide 310?
True
Does 136 divide 17000?
True
Does 14 divide 3066?
True
Is 45 a factor of 90?
True
Is 24 a factor of 288?
True
Does 89 divide 25784?
False
Is 4748 a multiple of 22?
False
Is 21190 a multiple of 7?
False
Does 73 divide 98?
False
Is 11 a factor of 918?
False
Is 23 a factor of 1894?
False
Does 125 divide 3528?
False
Does 33 divide 2772?
True
Does 3 divide 534?
True
Does 27 divide 257?
False
Does 15 divide 65837?
False
Is 215 a factor of 27120?
False
Is 11 a factor of 622?
False
Is 101 a factor of 1428?
False
Does 21 divide 10929?
False
Is 21 a factor of 754?
False
Is 48 a factor of 51241?
False
Is 1406 a multiple of 19?
True
Is 10528 a multiple of 94?
True
Is 9 a factor of 41823?
True
Does 19 divide 722?
True
Is 480 a multiple of 12?
True
Does 45 divide 5760?
True
Does 56 divide 504?
True
Does 90 divide 80215?
False
Does 36 divide 14761?
False
Is 8 a factor of 12768?
True
Is 17 a factor of 5533?
False
Is 241 a factor of 67962?
True
Is 17 a factor of 164?
False
Is 4 a factor of 2507?
False
Is 131 a factor of 5143?
False
Does 14 divide 5938?
False
Is 4686 a multiple of 6?
True
Is 67 a multiple of 17?
False
Does 19 divide 252?
False
Is 1047 a multiple of 13?
False
Is 8276 a multiple of 4?
True
Does 35 divide 35?
True
Is 58 a factor of 8610?
False
Does 20 divide 8340?
True
Is 12 a factor of 210?
False
Is 453 a multiple of 24?
False
Is 266 a multiple of 38?
True
Does 13 divide 103?
False
Does 62 divide 1240?
True
Is 81 a factor of 2259?
False
Does 179 divide 10203?
True
Is 27 a factor of 1512?
True
Does 104 divide 1121?
False
Does 14 divide 2142?
True
Is 647 a multiple of 28?
False
Is 19900 a multiple of 8?
False
Is 53141 a multiple of 180?
False
Is 2745 a multiple of 22?
False
Does 6 divide 1289?
False
Is 689 a multiple of 53?
True
Is 203 a factor of 24157?
True
Does 3 divide 223?
False
Is 79 a factor of 493?
False
Does 5 divide 943?
False
Does 40 divide 1080?
True
Does 27 divide 3045?
False
Is 35937 a multiple of 14?
False
Does 145 divide 1595?
True
Is 248 a multiple of 27?
False
Is 42 a factor of 27300?
True
Is 21 a factor of 9618?
True
Is 13202 a multiple of 14?
True
Is 9 a factor of 2736?
True
Is 42 a factor of 187?
False
Is 9 a factor of 7072?
False
Does 7 divide 3836?
True
Is 248 a multiple of 23?
False
Does 27 divide 4131?
True
Does 27 divide 17099?
False
Is 18 a factor of 8580?
False
Is 4397 a multiple of 30?
False
Is 10 a factor of 10?
True
Is 27 a factor of 43280?
False
Is 2912 a multiple of 8?
True
Is 10769 a multiple of 35?
False
Does 62 divide 5146?
True
Is 13 a factor of 25168?
True
Does 141 divide 49429?
False
Is 7704 a multiple of 4?
True
Does 10 divide 420?
True
Does 104 divide 9568?
True
Is 67 a factor of 4623?
True
Does 15 divide 578?
False
Does 6 divide 4235?
False
Is 15 a factor of 393?
False
Is 1293 a multiple of 22?
False
Does 145 divide 4350?
True
Is 12 a factor of 10234?
False
Is 11 a factor of 67804?
True
Is 156 a factor of 20347?
False
Does 38 divide 11362?
True
Is 20484 a multiple of 123?
False
Is 490 a multiple of 35?
True
Is 2856 a multiple of 7?
True
Is 73571 a multiple of 16?
False
Is 5 a factor of 1692?
False
Does 35 divide 10115?
True
Does 79 divide 237?
True
Does 59 divide 8580?
False
Is 28665 a multiple of 91?
True
Does 12 divide 1018?
False
Is 158 a multiple of 7?
False
Is 7 a factor of 78722?
True
Is 1702 a multiple of 74?
True
Does 260 divide 70089?
False
Is 3 a factor of 4770?
True
Is 1548 a multiple of 10?
False
Is 17 a factor of 32232?
True
Is 580 a multiple of 116?
True
Does 5 divide 10699?
False
Is 4161 a multiple of 118?
False
Is 21 a factor of 131754?
True
Is 55876 a multiple of 122?
True
Is 861 a multiple of 21?
True
Is 63 a factor of 6426?
True
Is 6240 a multiple of 78?
True
Does 9 divide 13347?
True
Does 51 divide 80461?
False
Is 35 a factor of 5320?
True
Is 9 a factor of 1233?
True
Does 9 divide 771?
False
Is 5057 even?
False
Is 1013 a multiple of 109?
False
Does 19 divide 594?
False
Is 9951 a multiple of 33?
False
Is 16 a factor of 20800?
True
Is 62 a factor 